vided by 332.
289
What is the remainder when 11122 is divided by 18?
16
Calculate the remainder when 152974 is divided by 55.
19
Calculate the remainder when 172363 is divided by 41.
40
Calculate the remainder when 7333 is divided by 224.
165
What is the remainder when 25406 is divided by 2536?
46
Calculate the remainder when 1209 is divided by 95.
69
What is the remainder when 22379 is divided by 3176?
147
What is the remainder when 6240 is divided by 2783?
674
Calculate the remainder when 4403722 is divided by 41.
35
What is the remainder when 10937 is divided by 86?
15
What is the remainder when 51912 is divided by 55?
47
What is the remainder when 2884 is divided by 120?
4
What is the remainder when 2937 is divided by 1457?
23
Calculate the remainder when 16047 is divided by 729.
9
What is the remainder when 536938 is divided by 342?
340
What is the remainder when 1651 is divided by 1637?
14
Calculate the remainder when 28499 is divided by 35.
9
Calculate the remainder when 12101 is divided by 12098.
3
Calculate the remainder when 115795 is divided by 3216.
19
What is the remainder when 29395 is divided by 1624?
163
Calculate the remainder when 13262 is divided by 6625.
12
Calculate the remainder when 1590446 is divided by 428.
426
What is the remainder when 427851 is divided by 606?
15
Calculate the remainder when 6029 is divided by 377.
374
What is the remainder when 8941 is divided by 271?
269
Calculate the remainder when 1358 is divided by 407.
137
Calculate the remainder when 3737 is divided by 340.
337
Calculate the remainder when 42191 is divided by 550.
391
Calculate the remainder when 4062 is divided by 28.
2
What is the remainder when 503699 is divided by 60?
59
Calculate the remainder when 103826 is divided by 404.
402
What is the remainder when 4109 is divided by 362?
127
What is the remainder when 285 is divided by 277?
8
What is the remainder when 603407 is divided by 32?
15
Calculate the remainder when 30592 is divided by 471.
448
What is the remainder when 970 is divided by 372?
226
Calculate the remainder when 3268 is divided by 39.
31
Calculate the remainder when 101898 is divided by 990.
918
Calculate the remainder when 143206 is divided by 216.
214
What is the remainder when 5364 is divided by 29?
28
What is the remainder when 3331 is divided by 1653?
25
What is the remainder when 493 is divided by 74?
49
What is the remainder when 130704 is divided by 65338?
28
Calculate the remainder when 5957 is divided by 8.
5
What is the remainder when 3726 is divided by 113?
110
Calculate the remainder when 5305 is divided by 1061.
0
Calculate the remainder when 12738 is divided by 12658.
80
What is the remainder when 267372 is divided by 749?
728
What is the remainder when 8639 is divided by 43?
39
Calculate the remainder when 260632 is divided by 64.
24
Calculate the remainder when 2822 is divided by 1192.
438
What is the remainder when 164089 is divided by 217?
37
Calculate the remainder when 36617 is divided by 36611.
6
What is the remainder when 17952 is divided by 4477?
44
What is the remainder when 5055 is divided by 92?
87
What is the remainder when 3563 is divided by 227?
158
What is the remainder when 59500 is divided by 54?
46
What is the remainder when 461 is divided by 367?
94
Calculate the remainder when 1442 is divided by 702.
38
What is the remainder when 33420 is divided by 211?
82
What is the remainder when 1729 is divided by 561?
46
What is the remainder when 1551569 is divided by 614?
605
What is the remainder when 850174 is divided by 492?
490
Calculate the remainder when 23488 is divided by 45.
43
What is the remainder when 24690 is divided by 2740?
30
What is the remainder when 60875 is divided by 188?
151
What is the remainder when 120612 is divided by 11?
8
What is the remainder when 66978 is divided by 3939?
15
What is the remainder when 7989 is divided by 1993?
17
What is the remainder when 2930 is divided by 210?
200
What is the remainder when 1530 is divided by 1206?
324
What is the remainder when 7078 is divided by 707?
8
What is the remainder when 57868 is divided by 8253?
97
Calculate the remainder when 5440 is divided by 360.
40
What is the remainder when 20524 is divided by 4?
0
Calculate the remainder when 31066 is divided by 82.
70
Calculate the remainder when 37430 is divided by 1035.
170
Calculate the remainder when 252449 is divided by 309.
305
Calculate the remainder when 544771 is divided by 47.
41
Calculate the remainder when 7495 is divided by 50.
45
What is the remainder when 94678 is divided by 24?
22
Calculate the remainder when 1953 is divided by 649.
6
Calculate the remainder when 27346 is divided by 27335.
11
What is the remainder when 6828 is divided by 41?
22
What is the remainder when 42130 is divided by 70?
60
What is the remainder when 11124 is divided by 37?
24
Calculate the remainder when 4964950 is divided by 51.
49
Calculate the remainder when 35600 is divided by 5925.
50
What is the remainder when 7662520 is divided by 201?
199
Calculate the remainder when 16764 is divided by 16745.
19
What is the remainder when 8077 is divided by 147?
139
Calculate the remainder when 28179 is divided by 10.
9
Calculate the remainder when 266106 is divided by 26.
22
Calculate the remainder when 3706 is divided by 103.
101
Calculate the remainder when 221178 is divided by 181.
177
What is the remainder when 29152 is divided by 84?
4
Calculate the remainder when 546 is divided by 43.
30
What is the remainder when 151634 is divided by 245?
224
Calculate the remainder when 1285 is divided by 116.
9
What is the remainder when 143653 is divided by 15?
13
What is the remainder when 43463 is divided by 14475?
38
What is the remainder when 76741 is divided by 619?
604
Calculate the remainder when 10514 is divided by 1502.
0
Calculate the remainder when 13424 is divided by 756.
572
Calculate the remainder when 70260 is divided by 14045.
35
Calculate the remainder when 5061 is divided by 14.
7
Calculate the remainder when 10537 is divided by 419.
62
What is the remainder when 1534 is divided by 522?
490
Calculate the remainder when 1861 is divided by 459.
25
Calculate the remainder when 5463 is divided by 1778.
129
What is the remainder when 18694 is divided by 6212?
58
Calculate the remainder when 310877 is divided by 101.
100
Calculate the remainder when 12453 is divided by 95.
8
What is the remainder when 12049 is divided by 5871?
307
What is the remainder when 2391 is divided by 63?
60
Calculate the remainder when 99424 is divided by 268.
264
What is the remainder when 46188 is divided by 11502?
180
What is the remainder when 6412 is divided by 121?
120
What is the remainder when 3003 is divided by 274?
263
Calculate the remainder when 53812 is divided by 211.
7
What is the remainder when 341333 is divided by 3103?
3
Calculate the remainder when 8083 is divided by 20.
3
Calculate the remainder when 2617 is divided by 105.
97
What is the remainder when 2980 is divided by 987?
19
Calculate the remainder when 51905 is divided by 356.
285
What is the remainder when 616361 is divided by 21?
11
What is the remainder when 1272 is divided by 129?
111
Calculate the remainder when 140408 is divided by 34.
22
What is the remainder when 2793 is divided by 352?
329
What is the remainder when 129105 is divided by 121?
119
What is the remainder when 218195 is divided by 39?
29
Calculate the remainder when 8308 is divided by 460.
28
What is the remainder when 7521094 is divided by 24?
22
What is the remainder when 16099 is divided by 304?
291
What is the remainder when 51221 is divided by 11?
5
What is the remainder when 227996 is divided by 77?
76
What is the remainder when 730527 is divided by 243490?
57
What is the remainder when 13486 is divided by 63?
4
Calculate the remainder when 11473674 is divided by 116.
114
What is the remainder when 5066 is divided by 222?
182
Calculate the remainder when 6228 is divided by 63.
54
Calculate the remainder when 5290 is divided by 84.
82
What is the remainder when 59090 is divided by 201?
197
Calculate the remainder when 3527365 is divided by 33.
28
Calculate the remainder when 35138 is divided by 191.
185
What is the remainder when 1809736 is divided by 1270?
1256